{"id":3938,"date":"2021-06-06T17:51:18","date_gmt":"2021-06-06T17:51:18","guid":{"rendered":"https:\/\/www.julianmatzat.at\/?page_id=3938"},"modified":"2024-03-20T09:56:59","modified_gmt":"2024-03-20T09:56:59","slug":"datenschutzerklarung","status":"publish","type":"page","link":"https:\/\/www.julianmatzat.at\/?page_id=3938","title":{"rendered":"Datenschutzerkl\u00e4rung"},"content":{"rendered":"\n<h3 class=\"wp-block-heading\">Allgemeines<\/h3>\n\n\n\n<p>Der sorgf\u00e4ltige Umgang mit ihren personenbezogenen Daten hat h\u00f6chste Priorit\u00e4t. Wir halten uns bei deren Erhebung, Verarbeitung und Nutzung streng an die datenschutzrechtlichen Bestimmungen des Datenschutzgesetzes (DSG) und der Datenschutzgrundverordnung (EU-DSGVO). Nachfolgend erfahren sie mehr \u00fcber den Umgang mit ihren personenbezogenen Daten.<\/p>\n\n\n\n<p>\u200b<\/p>\n\n\n\n<h3 class=\"wp-block-heading\">Datenerfassung<\/h3>\n\n\n\n<p>Unsere Datenschutzbestimmungen gelten unter anderem f\u00fcr die Nutzung des Kontaktformular auf dieser Webseite.<br>Das Kontaktformular auf unserer Webseite bietet interessierten Personen die M\u00f6glichkeit, mit uns in Kontakt zu treten bzw. mit uns zu interagieren. Wenn sie uns \u00fcber das Kontaktformular pers\u00f6nliche Daten von ihnen bekanntgeben, werden wir ihre pers\u00f6nlichen Daten verwenden, damit wir beispielsweise ihre Anfrage beantworten k\u00f6nnen.&nbsp;<\/p>\n\n\n\n<p>\u200b<\/p>\n\n\n\n<h3 class=\"wp-block-heading\">Was sind personenbezogene Daten?<\/h3>\n\n\n\n<p>Personenbezogene Daten sind alle Angaben \u00fcber Betroffene, durch die, die Identit\u00e4t des Betroffenen bestimmt oder bestimmbar ist. Angaben k\u00f6nnen s\u00e4mtliche Informationen sein, die mit einer Person in Verbindung stehen oder gebracht werden k\u00f6nnen, wie z.B. ihr Name, ihre Adresse, ihre E-Mail-Adresse, ihr Geburtsdatum. Wir ersuchen ausschlie\u00dflich um Bekanntgabe jener pers\u00f6nlichen Informationen, welche wir zur Auftragserf\u00fcllung unbedingt ben\u00f6tigen. Die zur Verf\u00fcgung gestellten Daten werden ausschlie\u00dflich zur Auftragserf\u00fcllung herangezogen. Es erfolgt im \u00dcbrigen keine \u00dcbermittlung der Daten an Dritte, soweit diese nicht zur Durchf\u00fchrung einer Anfrage oder Dienstleistung erforderlich ist.<\/p>\n\n\n\n<p>\u200b<\/p>\n\n\n\n<h3 class=\"wp-block-heading\">Datensicherheit<\/h3>\n\n\n\n<p>Wir sichern unsere Webseite und die sonstigen Systeme durch technische und organisatorische Ma\u00dfnahmen gegen Verlust, Zerst\u00f6rung, Zugriff, Ver\u00e4nderung oder Verbreitung ihrer Daten und treffen umfangreiche Sicherheitsma\u00dfnahmen, um ihre Daten vor unerw\u00fcnschten Zugriffen zu sch\u00fctzen.<\/p>\n\n\n\n<p>\u200b<\/p>\n\n\n\n<h3 class=\"wp-block-heading\">Server-Logfiles<\/h3>\n\n\n\n<p>Wenn sie unsere Webseite besuchen, speichern wir zum Zweck der System- und Datensicherheit u.a. folgende Daten (sogenannte Serverlogfiles), die ihr Internet-Browser an uns bzw. an unseren Webspace-Provider \u00fcbermittelt, ab:<\/p>\n\n\n\n<p>\u2013 Browsertyp und -version<br>\u2013 verwendetes Betriebssystem<br>\u2013 Webseite, von der aus sie uns besuchen \u201eReferrer URL\u201c<br>\u2013 Webseite, die sie besuchen<br>\u2013 Datum und Uhrzeit ihres Zugriffs<br>\u2013 Ihre Internet Protokoll (IP)-Adresse.<\/p>\n\n\n\n<p>Diese anonymen Daten werden getrennt von ihren eventuell angegebenen personenbezogenen Daten gespeichert und lassen so keine R\u00fcckschl\u00fcsse auf eine bestimmte Person zu. Sie werden zu statistischen Zwecken ausgewertet, um unseren Internetauftritt und unsere Angebote optimieren zu k\u00f6nnen.<\/p>\n\n\n\n<p>\u200b<\/p>\n\n\n\n<h3 class=\"wp-block-heading\">Cookies<\/h3>\n\n\n\n<p>Diese Webseite verwendet Cookies. Cookies sind kleine Textdateien, die es erm\u00f6glichen, bestimmte Informationen zu ihnen und ihrem Nutzungsverhalten bez\u00fcglich unserer Webseite auf Ihrem Endger\u00e4t (beispielsweise PC, Smartphone, Tablet) zu speichern. Mit Cookies k\u00f6nnen wir die Benutzerfreundlichkeit unserer Webseite erh\u00f6hen, unsere Webseite optimieren und die Funktionalit\u00e4t unserer Webseite sicherstellen. Sie k\u00f6nnen bei den meisten Browsern das Speichern von Cookies zulassen oder verhindern.<\/p>\n\n\n\n<p>Bitte beachten sie jedoch, dass durch das Deaktivieren von Cookies die Funktionalit\u00e4t unserer Webseite eingeschr\u00e4nkt werden kann. Sie k\u00f6nnen Cookies, welche bereits auf ihrem Endger\u00e4t gespeichert sind, \u00fcber ihren Browser l\u00f6schen. Bereits beim erstmaligen Aufruf unserer Webseite weisen wir sie auf die Verwendung von Cookies hin. Mit einem Klick auf die Akzeptieren-Schaltfl\u00e4che in diesem Hinweis oder durch das Weitersurfen auf unserer Webseite erkl\u00e4ren sie sich mit der Verwendung von Cookies einverstanden.<\/p>\n\n\n\n<p>\u200b<\/p>\n\n\n\n<h3 class=\"wp-block-heading\">Google Analytics<\/h3>\n\n\n\n<p>Diese Webseite benutzt Google Analytics, einen Webanalysedienst der Google Inc. (\u201eGoogle\u201c). Google Analytics verwendet sog. \u201eCookies\u201c, Textdateien, die auf ihrem Computer gespeichert werden und die eine Analyse der Benutzung der Webseite durch sie erm\u00f6glichen.<\/p>\n\n\n\n<p>Die durch das Cookie erzeugten Informationen \u00fcber ihre Benutzung dieser Webseite werden in der Regel an einen Server von Google in den USA \u00fcbertragen und dort gespeichert. Im Rahmen der IP-Anonymisierung auf dieser Webseite, wird ihre IP-Adresse von Google jedoch innerhalb von Mitgliedstaaten der Europ\u00e4ischen Union oder in anderen Vertragsstaaten des Abkommens \u00fcber den Europ\u00e4ischen Wirtschaftsraum zuvor gek\u00fcrzt.<\/p>\n\n\n\n<p>Nur in Ausnahmef\u00e4llen wird die volle IP-Adresse an einen Server von Google in den USA \u00fcbertragen und dort gek\u00fcrzt. In unserem Auftrag wird Google diese Informationen benutzen, um ihre Nutzung der Webseite auszuwerten, um Reports \u00fcber die Webseitenaktivit\u00e4ten zusammenzustellen und um weitere mit der Webseitennutzung und der Internetnutzung verbundene Dienstleistungen gegen\u00fcber dem Webseitenbetreiber zu erbringen. Die im Rahmen von Google Analytics von ihrem Browser \u00fcbermittelte IP-Adresse wird nicht mit anderen Daten von Google zusammengef\u00fchrt. Sie k\u00f6nnen die Speicherung der Cookies durch eine entsprechende Einstellung ihrer Browser-Software verhindern. Wir weisen sie jedoch darauf hin, dass sie in diesem Fall gegebenenfalls nicht s\u00e4mtliche Funktionen dieser Webseite vollumf\u00e4nglich nutzen werden k\u00f6nnen.<\/p>\n\n\n\n<p>Sie k\u00f6nnen dar\u00fcber hinaus die Erfassung der durch das Cookie erzeugten und auf ihre Nutzung der Webseite bezogenen Daten (inkl. ihrer IP-Adresse) an Google sowie die Verarbeitung dieser Daten durch Google verhindern, indem sie das unter dem folgenden Link (<a href=\"https:\/\/tools.google.com\/dlpage\/gaoptout?hl=de\" target=\"_blank\" rel=\"noreferrer noopener\">https:\/\/tools.google.com\/dlpage\/gaoptout?hl=de<\/a>) verf\u00fcgbare Browser-Plugin herunterladen und installieren.<\/p>\n\n\n\n<p>N\u00e4here Informationen zu Nutzungsbedingungen und Datenschutz finden Sie unter&nbsp;<a href=\"https:\/\/www.google.com\/analytics\/terms\/de.html\" target=\"_blank\" rel=\"noreferrer noopener\">https:\/\/www.google.com\/analytics\/terms\/de.html<\/a>&nbsp;bzw. unter&nbsp;<a href=\"https:\/\/www.google.de\/intl\/de\/policies\" target=\"_blank\" rel=\"noreferrer noopener\">https:\/\/www.google.de\/intl\/de\/policies<\/a><\/p>\n\n\n\n<p>\u200b<\/p>\n\n\n\n<h3 class=\"wp-block-heading\">Ausk\u00fcnfte, Berichtigung und L\u00f6schung Ihrer Daten<\/h3>\n\n\n\n<p>Nach dem Datenschutzgesetz haben sie das Recht, dass Julian Matzat ihnen auf Anfrage Auskunft dar\u00fcber erteilt, welche Daten wir von ihnen gespeichert und verwendet haben. Sollten ihre bei uns gespeicherten Daten unrichtig sein, so wird Julian Matzat sie auf Wunsch korrigieren.<\/p>\n\n\n\n<p>Diesbez\u00fcglich k\u00f6nnen sie Julian Matzat unter der Adresse Liechtensteinstra\u00dfe 60\/12a oder per E-Mail an contact@julianmatzat.at&nbsp;kontaktieren.<br>Sie haben das Recht auf Sperrung und L\u00f6schung der zu ihrer Person gespeicherten Daten.<br>Sollten der L\u00f6schung gesetzliche Aufbewahrungspflichten oder anderweitige gesetzlich verankerte Gr\u00fcnde widersprechen, kann statt der L\u00f6schung nur die Sperrung ihrer Daten vorgenommen werden.<\/p>\n\n\n\n<p>\u200b<\/p>\n\n\n\n<p>\u200b<\/p>\n\n\n\n<h3 class=\"wp-block-heading\">Kontaktdaten<\/h3>\n\n\n\n<p>Julian Matzat<\/p>\n\n\n\n<p>Paulanergasse 10\/15<\/p>\n\n\n\n<p>1040 Wien<\/p>\n\n\n\n<p><object height=\"0\"><\/object><\/p>\n\n\n\n<p>\u200b<\/p>\n\n\n\n<p>\u200b<\/p>\n","protected":false},"excerpt":{"rendered":"<p>Allgemeines Der sorgf\u00e4ltige Umgang mit ihren personenbezogenen Daten hat h\u00f6chste Priorit\u00e4t. Wir halten uns bei deren Erhebung, Verarbeitung und Nutzung streng an die datenschutzrechtlichen Bestimmungen des Datenschutzgesetzes (DSG) und der [&hellip;]<\/p>\n<p><a href=\"https:\/\/www.julianmatzat.at\/?page_id=3938\" class=\"more-link style1-button\">Read More<\/a><\/p>","protected":false},"author":1,"featured_media":0,"parent":0,"menu_order":0,"comment_status":"closed","ping_status":"closed","template":"","meta":{"footnotes":""},"class_list":["post-3938","page","type-page","status-publish","hentry"],"_links":{"self":[{"href":"https:\/\/www.julianmatzat.at\/index.php?rest_route=\/wp\/v2\/pages\/3938","targetHints":{"allow":["GET"]}}],"collection":[{"href":"https:\/\/www.julianmatzat.at\/index.php?rest_route=\/wp\/v2\/pages"}],"about":[{"href":"https:\/\/www.julianmatzat.at\/index.php?rest_route=\/wp\/v2\/types\/page"}],"author":[{"embeddable":true,"href":"https:\/\/www.julianmatzat.at\/index.php?rest_route=\/wp\/v2\/users\/1"}],"replies":[{"embeddable":true,"href":"https:\/\/www.julianmatzat.at\/index.php?rest_route=%2Fwp%2Fv2%2Fcomments&post=3938"}],"version-history":[{"count":3,"href":"https:\/\/www.julianmatzat.at\/index.php?rest_route=\/wp\/v2\/pages\/3938\/revisions"}],"predecessor-version":[{"id":4040,"href":"https:\/\/www.julianmatzat.at\/index.php?rest_route=\/wp\/v2\/pages\/3938\/revisions\/4040"}],"wp:attachment":[{"href":"https:\/\/www.julianmatzat.at\/index.php?rest_route=%2Fwp%2Fv2%2Fmedia&parent=3938"}],"curies":[{"name":"wp","href":"https:\/\/api.w.org\/{rel}","templated":true}]}}